66)/(-2))/(h/5)?
3
Let m be 2/(-12) - (-5 + (-174)/(-36)). Suppose 0 = -m*a - 4*a + 3*b + 110, 0 = -5*a - 5*b + 155. What is the units digit of a?
9
Suppose -189 + 59 = -5*y. Suppose v = -5*f + 70, 5*f - 3*v - 64 - y = 0. Suppose 0*s + z = -2*s + 33, -s - z = -f. What is the units digit of s?
8
Let t(v) = -317*v**3 + 3*v**2 - 1. Let f be t(1). Let h = -210 - f. What is the units digit of h?
5
Let b be (-150)/(-20)*(-4)/(-3). Suppose -639 = -5*g - 2*t, 4*t - b = -t. What is the units digit of g?
7
Let v(j) = 35*j + 98. What is the thousands digit of v(28)?
1
Suppose 0 = -22*a + a + 10647. What is the tens digit of a?
0
Let b(z) = 35*z - 6. Let j be b(-7). What is the units digit of -4*6/120 + j/(-5)?
0
Let g = -174 - -250. What is the tens digit of g?
7
Let y(h) = h**2 - 4*h + 1. Let l be y(-3). Let p = -15 + l. Suppose 5*s - f - 19 = 2*f, 5*s = -f + p. What is the units digit of s?
2
Let q = 4 - 12. Let x(v) = v**3 + 8*v**2 - v + 8. Let a be x(q). What is the units digit of 6/(-21) - a/(-7)?
2
What is the tens digit of (5 + (-27288)/(-16))/((-4)/(-8))?
2
Suppose -2*o + 2182 = -19*t + 21*t, 2*o - 2*t = 2170. What is the hundreds digit of o?
0
Let o be (-3)/2*((-6)/3 - 0). Suppose -o*m + 12*m - 828 = 0. What is the units digit of m?
2
Let c(g) = g**2 + 24. Let s be 12/48 - 30/(-8). Suppose j - 1 = -z, 4*z = -7*j + s*j + 4. What is the units digit of c(j)?
4
Let x(a) = 3*a**3 - 3*a**2 + 3*a - 11. What is the tens digit of x(5)?
0
Suppose -5*a + 3*s + 108 = 0, 2*a + 5*s = s + 64. Suppose -a*g - 1328 = -32*g. What is the units digit of g?
6
Let o = 19 - -20. Suppose 130 = 44*j - o*j. What is the units digit of j?
6
Let m = 2 + -2. Suppose -5*u - s + 4 + 11 = m, -s = u - 7. Suppose -5*b = -u*b - 24. What is the units digit of b?
8
Suppose -4*u + 3*u = -4. Suppose -4*b + u*m - m = -25, 0 = 4*m - 4. Let s(r) = -r**3 + 9*r**2 - 10*r + 4. What is the units digit of s(b)?
2
Let j = -76 + 127. Let a = 70 + j. What is the hundreds digit of a?
1
Suppose 1 - 5 = 3*x + 2*g, g = -5. Let a be -10 + 2 + x + -4. Let h = -7 - a. What is the units digit of h?
3
Let i(a) = 2 - 7*a - 9*a - 6 + a. Let u be i(-4). Suppose d = 5*d - u. What is the tens digit of d?
1
Let y = 23 - 20. Suppose -y*r = -3*g - 96, -5*r + g - 45 + 225 = 0. What is the units digit of r?
7
Let c(v) = 12*v**2 - 2 - 4 - v**2 + 36*v**2. What is the units digit of c(-2)?
2
Let w be 4/(-10) + (-27)/(-5). Let z = 21 - 14. Suppose -w*k - 3*d + 33 = -z, 0 = 4*d - 20. What is the units digit of k?
5
Let k = -489 + 124. Let g = k + 527. What is the tens digit of g?
6
Suppose 3*m - 4*n = 8, 0 = 5*n - 2*n + 15. Let r(v) = 2*v**2 - 2*v - 1. What is the units digit of r(m)?
9
Suppose -j - 429 = 4*d, 0 = -2*j - 2*j + 12. Let s be 28/(-98) + d/14. What is the units digit of (s - 85)/((-3)/2)?
2
Let t(g) = -g. Let f be t(6). Let l = f - -22. Let i(q) = -q**2 + 18*q - 23. What is the units digit of i(l)?
9
Let v(a) = a**3 - a**2 + 3*a + 2. Let j be v(3). Let s = j - 19. What is the units digit of s?
0
Suppose -3*x = 5*g - 40, -g + 34 - 4 = 5*x. Suppose 7 = x*v - 8. Suppose v*p - 158 = -53. What is the tens digit of p?
3
Let d(t) = 5*t - 7. Let n be d(5). Suppose -k - 18 = k. Let v = k + n. What is the units digit of v?
9
Suppose -2*l + 3 = -l. Suppose -l*y + 92 = -y. What is the tens digit of y?
4
Let s = -527 + 2006. What is the tens digit of s?
7
Let w = -737 - -2819. What is the tens digit of w?
8
Suppose 0 = 3*o + 2*n - 22, -3*o + 4*n + 7 = 3*n. Suppose h - 3*h = o. What is the tens digit of (h - 27/(-6))*8?
2
Suppose 4*h - 227 = -y, -221 = -7*h + 3*h + y. What is the units digit of h?
6
Let q = -7 + 1. Let u be ((-1)/6)/(1/q). What is the tens digit of 15/u + -3 - 1?
1
What is the hundreds digit of 12 - 8 - (-421 + -4)?
4
Let v = 165 - 88. Let z = v + -53. Let m = z - 12. What is the units digit of m?
2
Let y(i) = -4*i**3 + 6*i**2 - 13*i + 3. Let j(v) = -3*v**3 + 7*v**2 - 12*v + 2. Let d be 2/4*4 + -5. Let g(c) = d*j(c) + 2*y(c). What is the tens digit of g(8)?
1
Let u(y) = -34*y + 5. Let p be u(-2). Suppose -3*o - p + 382 = 0. Suppose -2*m + o = 37. What is the units digit of m?
3
Suppose -3*q = 64*k - 61*k - 15273, 0 = q. What is the hundreds digit of k?
0
Let b(d) = d**2 - 2*d + 21. Let v(s) = s**3 - 6*s**2 - 7*s. Let a be v(7). Let x be b(a). What is the units digit of 6*(-1)/(-2) + x?
4
Let x = -36 - -36. Suppose x = -13*z + 106 + 50. What is the units digit of z?
2
What is the hundreds digit of (-3 + 1 - -42)/(5/285)?
2
Suppose -2*g + 10 = 5*y, g - 4*y - 8 = -3. Suppose g*l + 338 = -c + 3*c, 0 = -c - 5*l + 154. What is the units digit of c?
4
What is the hundreds digit of 0 + 157*5 + -39 + 37?
7
Let s = -406 + 490. What is the tens digit of s?
8
Let b(q) = -18*q - 21. Let g be b(-5). Let m = -18 + g. What is the tens digit of m?
5
Suppose 4*z - 3718 = -954. What is the units digit of z?
1
Let x(s) = 5*s**2 + 5*s - 51. What is the hundreds digit of x(6)?
1
Let v be (-420)/(-5)*-1*16/(-6). Suppose v - 49 = 5*p. What is the tens digit of p?
3
Suppose 2*k - 3*t = -3*k - 111, 0 = -5*k + t - 107. Let v be (k - -3)*(-2)/6. What is the tens digit of (-4)/(-3)*(v - -12)?
2
Let q = 390 + -362. What is the tens digit of q?
2
Let o(a) = 20*a - 13. Let c(q) = -5*q + 3. Let l(g) = -26*c(g) - 6*o(g). Let b(u) = u**2 + 7*u + 15. Let i be b(-5). What is the units digit of l(i)?
0
Let l = -11 - -11. Suppose l = 2*d + d - 210. What is the units digit of d?
0
Let x = 1281 - 339. What is the units digit of x?
2
Suppose -m + 2 = 5*b + 8, 2*m = -2*b - 28. Let n be 135/18*m/6. Let r = n + 22. What is the units digit of r?
2
Suppose -3*m + 3656 = 5*q, -2*m + 5*q + 1856 + 623 = 0. What is the thousands digit of m?
1
Let x(v) = -6*v - 4*v**2 + 8*v - 5 + 5*v**2. Let q = -14 + 21. What is the tens digit of x(q)?
5
Suppose 0*i - m + 117 = i, -3*i + 376 = -2*m. Let s be (-4 - i)/((-8)/(-60)). What is the tens digit of s/(-18) + 6/(-4)?
5
Let n(l) = -l**2 - 5*l - 4. Let z be n(-3). Suppose 5*p = z*p. What is the units digit of (p - -1)/((-2)/(-28))?
4
Suppose 2*g = -153 + 9. What is the units digit of (-189)/g - 3/(-8)?
3
Let i be (8 - 1)/((-6)/(-342)). Suppose 3*t = b + i, 5*t + 3*b = -0*b + 651. What is the hundreds digit of t?
1
Let l(t) = -2*t**3 + 17*t**2 + 18*t. What is the thousands digit of l(-7)?
1
Let y be (-2)/5 - (-1046)/(-10). Let v = y + 228. What is the hundreds digit of v?
1
Let b be 59/3 + (-10)/15. Let s = b + -18. Let o = 0 + s. What is the units digit of o?
1
Let v(w) = -449*w + 15. What is the tens digit of v(-5)?
6
Suppose -3*o + 36 = -9*o. Let h(b) = -b - 3. Let l be h(o). What is the tens digit of (l - 1)/(12/342)?
5
Let n be (48/10)/((-21)/(-770)). Let b = n + -122. What is the tens digit of b?
5
Let q be 264/(-21) + 156/28 + -5. Let r = 122 - 85. Let x = r + q. What is the units digit of x?
5
Suppose 5*p - 107 - 32 = -q, 5*q = -5*p + 155. Suppose 0*h = -h + 3*b + 4, 4*h = b + p. What is the tens digit of (-15)/35 + 227/h?
3
Let y = -45 + 49. Suppose -326 = -y*u + 482. What is the tens digit of u?
0
Let y(b) = b**3 + 24*b**2 - 2*b - 45. Let g be y(-24). Suppose -g*s - h + 293 = 0, 4*s + 3*h = 2*s + 207. What is the units digit of s?
6
Suppose 3572 = 4*d - 4*p, 3*p - 2*p - 4 = 0. What is the units digit of d?
7
Suppose -10*n + 280 = -7600. What is the units digit of n?
8
Let u(w) = -w**2 + 9*w - 15. Let n be u(5). Suppose 9*t = n*t + 440. What is the units digit of t?
0
Suppose -2*a - 14 = -2*o, -o + 3 = -0*o - 2*a. Suppose 4*t - 1 - o = 0. Suppose -t*d - 11 + 4 = -5*r, 3*d + r - 5 = 0. What is the units digit of d?
1
Let f = -14 + 17. Suppose x - 12 = f*k + 29, 0 = -3*k + 9. What is the units digit of x/(-8)*(-2 - 2)?
5
Let r be (-4 - (-1 + 0))*-13. Suppose -c = -2*c - 2*v + r, 2*c - 81 = -v. What is the units digit of c?
1
Suppose -2*j - 104 - 40 = -4*n, -3*n = -3*j - 216. Let r = j - -117. What is the tens digit of r?
4
Suppose 6*m - 165 = -465. Let x = -27 - m. What is the units digit of x?
3
Let h(q) = q**3 - 3*q + 4*q - 4 - q**2 + 0*q**3 + q. Let c be h(2). Suppose 2*g = 6*g - c. What is the units digit of g?
1
Suppose -21*r = -1431 - 2433. Suppose 4*s - 4*u = -492, -u + 251 + 108 = -3*s. Let q = s + r. What is the units digit of q?
6
Let b be -11 - -11 - 3*10. Let l = -21 - b. What is the units dig